)*12. What is the highest common divisor of 13 and w?
13
Let o be (-1956)/(-24) + 6/(-4). Calculate the highest common divisor of 40 and o.
40
Suppose -5*n = -382 - 1323. What is the highest common divisor of 31 and n?
31
Let u(f) = -108*f. Let b be u(-1). Calculate the greatest common divisor of b and 12.
12
Let a = -10 - -12. Suppose 2*s - 3*s = 5*w + 3, a*w - 4 = -3*s. Suppose 0 = u - 12 + s. Calculate the highest common divisor of 15 and u.
5
Let j(t) = -12*t - 5. Let f be j(-1). Calculate the highest common factor of f and 63.
7
Let i be (4/4)/((-4)/(-156)). What is the greatest common divisor of 13 and i?
13
Let h(l) = -l**3 + 22*l**2 + l + 12. Let u be h(22). Calculate the greatest common divisor of 374 and u.
34
Let u(l) = l**2 - 9*l + 6. Let m be (0 + -2)*(-5)/1. Let z be u(m). Let v = -10 + z. What is the highest common divisor of v and 6?
6
Let k(i) = -i + 4. Let q be k(-9). Let p(y) = -7 + y**3 - 9 + q*y**2 - 6*y + 2*y. Let h be p(-12). What is the highest common factor of h and 16?
16
Suppose -5*f - 3*p = -29, 5*p = 22 - 7. Calculate the greatest common factor of f and 12.
4
Let r(x) = -x**3 + 19*x**2 + 29*x + 10. Let m be r(20). Calculate the highest common factor of 38 and m.
38
Let p be (3*-11)/((-12)/8). What is the greatest common divisor of p and 11?
11
Let q(g) = g**2 - 4*g + 5. Let y be q(6). Suppose -3*z = z - 5*p + y, 3*p - 25 = -5*z. What is the highest common factor of z and 1?
1
Let o be 6/((-12)/2)*-10. What is the greatest common factor of 5 and o?
5
Suppose i - 13 - 99 = 0. Calculate the highest common factor of 16 and i.
16
Let u = -23 + 13. Let l be (1*u + 2)*-2. What is the highest common factor of l and 24?
8
Let i = 24 - 14. Let g(z) = -z**2 + 12*z - 12. Let q be g(i). What is the greatest common factor of 88 and q?
8
Suppose -g + p = 2*g - 80, -2*p = 4*g - 120. What is the highest common divisor of g and 28?
28
Let o be 4*459/6 - (4 - 2). What is the highest common divisor of o and 16?
16
Suppose 5 = 5*f + 20. Let y = f - -8. Suppose -y*c + 6*c - 4 = 0. What is the greatest common factor of c and 8?
4
Let g be (-2)/(-2)*(-4 - -6). Suppose -152 = -0*p - p + g*m, -5*p + 736 = -4*m. What is the highest common factor of p and 16?
16
Let f(o) = -o**2 + 2. Let i be f(0). Suppose -5*r = -5*z + 50, -13*r - 20 = -2*z - 17*r. Calculate the highest common factor of i and z.
2
Suppose -c = -x + 3, 2*c = -0*c - x. Let v(q) = q + 1. Let z be v(-1). Let u = z - c. Calculate the highest common factor of 5 and u.
1
Suppose -40 = g - 3*g. Suppose -4*q - 4 + 24 = 0. What is the greatest common divisor of g and q?
5
Suppose -w + 5 = -0*w. Suppose 0 = w*u + 5*i - 290, -4*u + 2*i + 216 = -2*i. Calculate the greatest common divisor of 7 and u.
7
Let n = -2 + 2. Let f(c) = -c**2 + 48. Let p be f(n). Calculate the greatest common divisor of p and 32.
16
Let w(f) = -f**3 - f**2 + 6. Suppose -5*o = -o. Let p be w(o). Let a(k) = k**2 + 2*k + 4. Let b be a(-4). What is the greatest common factor of p and b?
6
Suppose 0 = -3*i - i + 220. What is the highest common factor of 5 and i?
5
Suppose 17*g - 15*g - 32 = 0. Suppose 7*z - 2*z + 170 = 0. Let s = 146 + z. What is the greatest common divisor of s and g?
16
Let c(w) = w + 26. Let j be c(-12). What is the highest common factor of j and 14?
14
Let n be 6/(-12)*(-7 - 1). Let p = n + 26. Calculate the highest common factor of 15 and p.
15
Suppose 0 = 5*q - 167 + 17. Let m(l) = l**3 + l**2 + l + 75. Let t = -5 + 5. Let s be m(t). What is the highest common factor of q and s?
15
Let r(q) = -44*q**3 - q - 102 + q**2 + 47 + 54. Suppose 0 = 3*h + 2 + 1. Let p be r(h). Calculate the highest common divisor of 18 and p.
9
Suppose -l + 0 = -4*a + 18, 0 = 5*l - 2*a. What is the highest common factor of l and 22?
2
Let k be 214/4 - 1/(-2). Let p be -3*3/(-27)*18. Calculate the highest common divisor of k and p.
6
Suppose -2*r + q + 2*q = -57, 15 = r + 3*q. Let c = -37 - -73. What is the greatest common divisor of r and c?
12
Suppose -18 = -2*r + 4*x + 2, -5*r - 4*x = -8. Calculate the greatest common divisor of 8 and r.
4
Suppose 0*r = -3*r + 5*m + 67, r + m - 17 = 0. Calculate the greatest common factor of 171 and r.
19
Let q(j) = 19*j**2 - 2*j + 6. Let r be q(4). Let t = r - 82. Suppose 108 = 5*h - 3*g - 1, 4*h - 2*g - 86 = 0. Calculate the highest common divisor of h and t.
20
Let t(g) = 3 - g**2 + 3*g - 6*g + 3*g + g. Let f be t(3). Let a = 3 - f. Calculate the highest common divisor of 9 and a.
3
Let r = -69 - -33. Let t = -11 - r. Suppose 5*z - 3*z + 2*s - 28 = 0, -s = -2*z + t. What is the highest common divisor of 13 and z?
13
Let p be (-81)/(-7) + 33/77. Let q(a) = -9*a - 3. Let v be q(-3). Calculate the greatest common factor of v and p.
12
Suppose -5*k - l + 1098 = 0, 0 = k + 5*l - 0*l - 210. Let z be 17/(-2)*1*-2. Suppose z = 2*x - 23. What is the highest common divisor of x and k?
20
Suppose -21 = -4*j - 2*t + 35, j - 4*t = 23. Calculate the highest common factor of 30 and j.
15
Suppose 6*w = 2*w + 32. Calculate the greatest common factor of w and 8.
8
Let d(u) = -u**2 - 8*u + 4. Let b be d(-6). Suppose 2*h - 3*h = -40. What is the greatest common factor of b and h?
8
Let y = -36 - -45. Let o = 131 + -68. What is the greatest common divisor of o and y?
9
Suppose -5*j = -0*j - 65. Suppose -2*a = 4 - 6. Let y be -2*(267/(-6) - a). What is the greatest common factor of j and y?
13
Let f = 54 - -50. Suppose -28 - 12 = -2*n - 2*j, 5*n + 3*j - f = 0. What is the highest common factor of 2 and n?
2
Let f be 0 - (1 - (-3 - -25)). Let c be (-2 - -3) + -3 - -16. Calculate the greatest common divisor of c and f.
7
Suppose w - 3*t + 14 = -0*t, -3*w - 54 = -3*t. Let k = 16 - -13. Let f = w + k. What is the highest common divisor of 72 and f?
9
Suppose -s - 25 = 27. Let r = s - -88. Let y(b) = b**3 - 4*b**2 - 2*b - 6. Let a be y(5). What is the highest common factor of a and r?
9
Suppose -8 = -a - 0*a. Suppose -a = -2*d - 4*i, 9*i - 4*i = 2*d - 44. What is the greatest common factor of d and 6?
6
Suppose -2 = 2*l - i - 24, -2*i - 17 = -l. Calculate the highest common factor of l and 72.
9
Let v(z) = -16*z + 4. Let a be v(-5). Suppose 4*m + 106 = 330. Calculate the highest common divisor of a and m.
28
Suppose g + 20 + 14 = 4*i, -26 = -4*i - 3*g. What is the greatest common factor of i and 56?
8
Suppose -x - 5*h = 3*x - 345, -4*h + 168 = 2*x. What is the greatest common factor of 36 and x?
18
Let t(f) = 5*f**3 - f - 2. Let w be t(2). Suppose 66 = 5*c + 2*n, 4*c - c + 2*n = 42. Calculate the greatest common factor of w and c.
12
Suppose 2*x - 21 + 5 = 0. Let o be (-6)/(3 + (-72)/20). Let k(r) = -r**3 + 11*r**2 - 10*r + 8. Let l be k(o). Calculate the highest common divisor of x and l.
8
Let g be 7/((-7)/(-2)) - -20. Calculate the highest common divisor of 2 and g.
2
Suppose w + 9 = 2*c - 2*w, 0 = -2*c + 5*w + 19. Let o = -2 - c. Let g be 33*o*(-1)/(-1). What is the highest common divisor of 11 and g?
11
Let q(f) be the first derivative of 5*f**2/2 + f + 3. Let s be q(1). What is the highest common divisor of s and 66?
6
Let v(s) = s + 6. Let r be v(7). Let x be r + (5 + -3 - -1). Calculate the greatest common factor of 8 and x.
8
Let v be 24/((-18)/(-30) + 4/10). Calculate the highest common factor of 84 and v.
12
Suppose -m = x + 4*m + 16, -4*x - m - 26 = 0. Let t be ((-22)/x)/(1/(-3)). Let c = t + 25. Calculate the highest common divisor of 56 and c.
14
Let h be 2/1*1/2. Let k be 2*(-3 - (0 + -4)). Suppose 0 = k*j - 6*j + 44. Calculate the greatest common factor of h and j.
1
Let n = 12 + -11. Let v be (0 + -2)*5/(-2). Suppose -6*q = -2*q + v*y - 39, 38 = 3*q - 5*y. What is the highest common divisor of n and q?
1
Suppose -5*p + 3*k = -31, k - 1 - 2 = 0. Let f = 1 - p. Let y = 11 + f. What is the highest common factor of 44 and y?
4
Let w = 37 + -22. Let r be (42/w)/(1/5). Suppose -3*s - l + 47 = 0, -s - 5*l = -27 - 12. Calculate the greatest common divisor of r and s.
14
Suppose 2 - 46 = -4*q. Let r be 1*(8 - 1 - -4). What is the highest common divisor of q and r?
11
Let f(a) = -3*a - 17. Let v be f(-7). Suppose -v*y + 255 = 5*t, 0 = -y + 3*y - 4*t - 108. Calculate the highest common factor of y and 20.
20
Suppose 48 = 8*u - 5*u. What is the greatest common factor of 2 and u?
2
Let f(i) = -16*i +